and 1239.
21
Let m be (-28)/(-6) - ((-10)/3 - -3). What is the highest common divisor of 15 and m?
5
Let m be 66/(-44)*(376/(-6) + 0). What is the highest common divisor of 1598 and m?
94
Let n(d) = 4*d - 1. Suppose 0*b = -3*b + 12. Let u be n(b). Suppose 87 = f + 4*m, -2*f + 30*m + 165 = 35*m. What is the greatest common divisor of f and u?
15
Suppose -4 = -3*n - 6*w + 5*w, 4*n = w - 4. Let g(a) = a**3 + a + 35. Let k be g(n). Calculate the highest common divisor of k and 7.
7
Let c = -427 - -439. What is the highest common divisor of c and 32?
4
Let m = -8 + 14. Let w(s) = s**2 - s - 3. Let a be w(m). Let h be 6/((-18)/(-11)) - 2/3. What is the greatest common factor of a and h?
3
Let q(b) = -b + 10. Let c be q(0). Suppose -58*n + 776 = -3284. What is the highest common divisor of c and n?
10
Let a = -552 - -564. Calculate the greatest common factor of 372 and a.
12
Suppose -58*h - 8*h + 1584 = 0. Let t(l) = -l - 4. Let d be t(-6). What is the highest common factor of h and d?
2
Let b = 52 - 43. What is the highest common factor of 6 and b?
3
Suppose 0 = -5*x - 127 + 122, -3*x + 413 = 4*p. What is the greatest common factor of p and 96?
8
Let i be -2*1*(-25651)/454. What is the greatest common divisor of i and 2712?
113
Let z be -19*21/(-14) + (-9)/(-6). Calculate the highest common divisor of z and 840.
30
Let d(p) = -2*p**2 + 2*p - 2. Let y be d(2). Let q = 2050 - 2019. Let x = y + q. What is the greatest common divisor of 25 and x?
25
Let n be (21/42)/((-1)/(-36)). Suppose n = -9*t + 10*t. Calculate the highest common factor of t and 198.
18
Let d(b) = 6*b**3 + 3*b - 2. Let c be d(1). Calculate the greatest common divisor of 21 and c.
7
Let t(h) = -h**2 + 7*h + 1080. Let y be t(0). Calculate the highest common factor of y and 12.
12
Let r(q) = -6 - 2*q**2 - 8*q**2 + 6*q**2 - 2*q + 6*q**2. Let l be r(-4). What is the highest common factor of l and 85?
17
Suppose 4*y - 41 = -3*w, -3*y - 2*w + 49 - 18 = 0. Calculate the highest common divisor of 209 and y.
11
Let c(z) = -z + 1. Suppose 0 = -3*l - 3*d - 27, -8 = -3*l - d - 35. Let g be c(l). Let s be (-10)/4*12/(-2). What is the highest common divisor of g and s?
5
Suppose -3*n - 5*t + 2273 = -0*t, 5*n = -2*t + 3782. What is the highest common factor of 28 and n?
28
Suppose 0 = 14*b - 97 - 183. Suppose 6*l - 89 - 1 = 0. Calculate the greatest common factor of b and l.
5
Suppose 4*m - 855 = -3*j, -5*j - 618 - 45 = -3*m. Suppose -5*v - 5*g + 37 = -98, 3*v - 57 = 5*g. Calculate the greatest common divisor of m and v.
24
Let x = 29 - 15. Suppose -2*i + 4*n - 2*n = -106, -3*i - 4*n = -152. Suppose -z - h + 17 = 2, 4*z = 4*h + i. Calculate the highest common divisor of x and z.
14
Let v(m) = m**3 - 23. Let j be v(0). Let l be j/(-7) - (-8)/(-28). Suppose -4*t = l*t - 98. Calculate the highest common factor of t and 28.
14
Let l be ((-8)/12 + -1)*-3. Suppose -l*g = -157 - 193. Let p = 60 - 32. What is the greatest common divisor of g and p?
14
Suppose -t = 0, 7 = x + 4*t - 21. What is the greatest common divisor of 336 and x?
28
Suppose -4*j + 2*r = -548, -2*r = -3*j - 2*j + 684. Suppose i = 5*g + 2*i - 82, 0 = -2*i - 6. Calculate the greatest common factor of j and g.
17
Let y(x) = 2*x - 22. Let l be y(12). Let u be -2 + -1*l + 198 + -9. Calculate the highest common divisor of 37 and u.
37
Suppose 4*i = 4*g + 80, 0*g - 4*g = i - 45. Suppose 0 = -v + n - 6*n + 33, -n = v - i. Let y = -6 + v. Calculate the highest common divisor of y and 119.
17
Let k = -83 - -157. Suppose -3*a = -3*v - 78, -v - 3*v - k = -3*a. Suppose 4*m - 4*r - a = 10, 4*m = r + 52. Calculate the highest common divisor of 98 and m.
14
Let u(s) = s**3 + 4*s**2 + s - 1. Let d be u(-2). Suppose 178 = d*v + 3*h + h, 4*v - 164 = 4*h. Calculate the greatest common factor of 57 and v.
19
Suppose 56*l + 126 = 57*l. Let x be (2 + 3 - -2)*2. What is the highest common factor of l and x?
14
Let c = -20 + 25. Suppose -o - 7 = -5*k - 0*k, 0 = -k - o + c. Suppose 5*f - 36 = k*f. Calculate the highest common factor of 60 and f.
12
Let u(i) = -i**3 - i**2 - 23*i + 1357. Let z be u(0). Calculate the greatest common divisor of z and 59.
59
Suppose -3*b - 101 = -611. Let z = 64 + 4. Calculate the highest common divisor of b and z.
34
Suppose 5*l + 20 = 2*v - v, -v + 3*l = -24. Suppose 2*g + 4*z + 3 = -5, 2 = 4*g + 2*z. Let r = g + 43. Calculate the highest common divisor of v and r.
15
Let x = 47 + -27. Let g be ((-2)/4)/(x/(-280)). What is the highest common divisor of g and 14?
7
Let f be (-10 - -5)/(-10) + (-309)/(-6). Calculate the highest common divisor of f and 91.
13
Let p(j) = j**3 - 12*j**2 + 10*j + 7. Let g be p(11). Let k be g/(-6) + -3 + (-1000)/(-12). Calculate the greatest common factor of k and 54.
27
Suppose -2*f + 28 = -0*f. Let b be (-4)/(-14) + 1844/f. Let v = -17 + 29. Calculate the greatest common divisor of b and v.
12
Suppose -2922 - 4470 = -11*w. Calculate the greatest common factor of 7 and w.
7
Suppose -51 - 111 = -9*o. Calculate the greatest common factor of o and 162.
18
Let p be 0 + 7 + 1 + 2. Let v = 59 + -42. Suppose v = -t + 127. Calculate the greatest common divisor of t and p.
10
Suppose -4*n = -19 + 7. Suppose -a = n*d - 213, -3*d + 73 = -2*d + a. Calculate the greatest common factor of 14 and d.
14
Let x(v) = -v**3 + 5*v**2 - v + 88. Let b be x(0). Calculate the greatest common divisor of b and 2552.
88
Let n be (21/(-5))/(2/(-10)). Suppose -13*b + 2031 - 10 = -982. What is the greatest common divisor of n and b?
21
Suppose 99 = 7*r - 363. What is the highest common divisor of 330 and r?
66
Let i(s) be the third derivative of 3*s**2 - s**3 - 1/6*s**4 + 0*s + 0. Let z be i(-6). What is the greatest common divisor of 18 and z?
18
Let n = 12 - -2. Let m = n + 2. Let z = m - -9. Calculate the greatest common factor of z and 100.
25
Let u(b) = 215*b**2 + 3*b. Let m be u(-2). What is the greatest common factor of m and 14?
14
Let u = -58 - -11. Let f = -128 - -101. Let z = f - u. Calculate the highest common divisor of 30 and z.
10
Let s(h) = -h**2 + 8*h - 2. Let z be s(6). Let u = 41 - -9. Calculate the greatest common factor of z and u.
10
Suppose 3*q = 5*d, 28 = 4*q + q + d. Suppose 0 = q*r - 75 - 45. What is the highest common divisor of r and 72?
24
Let g = 86 - 46. Suppose 34*x = 37*x + 606. Let s = x + 212. Calculate the greatest common divisor of g and s.
10
Let l be (-2 - -2)*1/2. Let q(m) = -m**3 + m**2 + m - 4. Let p be q(l). Let c be p/10 - (-252)/30. Calculate the highest common factor of 8 and c.
8
Let c(p) = 2*p**3 + 19*p**2 + 24*p + 1. Let u be c(-8). What is the greatest common factor of 19 and u?
1
Suppose -3 = r - 4. Let x(u) = -u**3 + 3*u**2 + u + 2. Let j be x(3). Suppose -4*y + 3*i = -3, i = 3*y - 1 - j. What is the greatest common divisor of y and r?
1
Let w = 1043 - 856. Calculate the greatest common divisor of 88 and w.
11
Let t be 2/7 - (-1340)/14. Let i(l) = 2*l - 3 + 1 + 4. Let z be i(5). What is the highest common factor of t and z?
12
Let k = 12 - 48. Let h be (5/3)/((-6)/k). Calculate the greatest common factor of h and 80.
10
Suppose -29*y - 16632 = -56*y. Calculate the highest common factor of y and 22.
22
Suppose 76*x - 1197 = 69*x. What is the highest common divisor of x and 18?
9
Let g be -1 - (2 + -5 + -5). Calculate the greatest common divisor of 287 and g.
7
Suppose 1 = -3*k + 16, -5*v + 5*k = -455. What is the greatest common divisor of v and 2400?
96
Let v = -12 + 21. Calculate the greatest common factor of v and 48.
3
Suppose -4*x = 2*f - 6 - 2, 2*x + 2 = -4*f. Suppose x*i - 4*i + 17 = 0. Let u = i - -1. What is the highest common factor of 144 and u?
18
Let f(s) = -s**2 - 4*s + 16. Let c = 9 + -2. Let d be f(c). Let v = 63 - d. Calculate the highest common divisor of v and 31.
31
Let j = -225 + 237. Calculate the highest common factor of j and 492.
12
Let p(j) = 3*j**2 - 2*j - 1. Let o be p(3). Let z be -2*(65/39)/((-4)/60). What is the highest common factor of o and z?
10
Suppose 0 = -3*a + 103 - 10. What is the highest common divisor of 341 and a?
31
Suppose 2*d + 5 = 3*d. Let z(n) = -n + 5. Let j be z(d). Suppose j*v + 117 = v. What is the greatest common factor of v and 13?
13
Suppose -x - p = 40, 4 = -0*p + 2*p. Let w be 2/(24/x)*12/(-7). What is the greatest common d